{"id":42,"date":"2017-05-21T13:19:31","date_gmt":"2017-05-21T11:19:31","guid":{"rendered":"http:\/\/www.antract.fr\/blog\/?page_id=42"},"modified":"2025-08-15T17:58:23","modified_gmt":"2025-08-15T15:58:23","slug":"les-stages","status":"publish","type":"page","link":"https:\/\/www.antract.fr\/blog\/accueil\/les-stages\/","title":{"rendered":"Les stages"},"content":{"rendered":"\n<div class=\"wp-block-columns is-layout-flex wp-container-core-columns-is-layout-9d6595d7 wp-block-columns-is-layout-flex\">\n<div class=\"wp-block-column is-layout-flow wp-block-column-is-layout-flow\" style=\"flex-basis:66.66%\">\n<p>Le temps d\u2019un stage est celui de la <strong><span style=\"color: #ffffff;\">d\u00e9couverte<\/span><\/strong> et de <strong><span style=\"color: #ffffff;\">l\u2019immersion totale<\/span><\/strong>. <strong><span style=\"color: #c60500;\">L\u2019Antr\u2019Act<\/span><\/strong> vous propose, en compl\u00e9ment des ateliers, des stages pour <strong><span style=\"color: #ffffff;\">d\u00e9couvrir<\/span><\/strong> une discipline ou se <strong><span style=\"color: #ffffff;\">perfectionner.<\/span><\/strong> La dur\u00e9e et le niveau du stage vous permettront d\u2019acqu\u00e9rir une certaine exp\u00e9rience en un temps record&nbsp;! C\u2019est l\u2019occasion aussi de c\u00f4toyer des <strong><span style=\"color: #ffffff;\">professionnels<\/span><\/strong> qui sont l\u00e0 pour vous apporter leur <strong><span style=\"color: #ffffff;\">exp\u00e9rience<\/span><\/strong> et leurs <strong><span style=\"color: #ffffff;\">conseils<\/span><\/strong>.<\/p>\n\n\n\n<p>Ces stages s\u2019adressent \u00e0 la fois aux com\u00e9diens <strong><span style=\"color: #ffffff;\">d\u00e9butants<\/span><\/strong> \u00e0 la recherche d\u2019une premi\u00e8re exp\u00e9rience de sc\u00e8ne et aux com\u00e9diens plus <strong><span style=\"color: #ffffff;\">confirm\u00e9s<\/span><\/strong> soucieux d\u2019approfondir leurs bases et d\u2019\u00e9tendre leur r\u00e9pertoire de jeu.<\/p>\n\n\n\n<p>Pour tous l\u2019objectif est de d\u00e9couvrir des techniques et des auteurs, d\u2019am\u00e9liorer sa capacit\u00e9 \u00e0 parler en public et de d\u00e9velopper son potentiel cr\u00e9atif.<\/p>\n<\/div>\n\n\n\n<div class=\"wp-block-column is-layout-flow wp-block-column-is-layout-flow\" style=\"flex-basis:33.33%\">\n<figure class=\"wp-block-image size-large\"><img loading=\"lazy\" decoding=\"async\" width=\"1024\" height=\"870\" src=\"http:\/\/www.antract.fr\/blog\/wp-content\/uploads\/2019\/09\/eed0d1b1-f608-4940-8e46-107b56929e83-e1567603617724-1024x870.jpg\" alt=\"\" class=\"wp-image-842\" srcset=\"https:\/\/www.antract.fr\/blog\/wp-content\/uploads\/2019\/09\/eed0d1b1-f608-4940-8e46-107b56929e83-e1567603617724-1024x870.jpg 1024w, https:\/\/www.antract.fr\/blog\/wp-content\/uploads\/2019\/09\/eed0d1b1-f608-4940-8e46-107b56929e83-e1567603617724-300x255.jpg 300w, https:\/\/www.antract.fr\/blog\/wp-content\/uploads\/2019\/09\/eed0d1b1-f608-4940-8e46-107b56929e83-e1567603617724-768x652.jpg 768w, https:\/\/www.antract.fr\/blog\/wp-content\/uploads\/2019\/09\/eed0d1b1-f608-4940-8e46-107b56929e83-e1567603617724-210x178.jpg 210w, https:\/\/www.antract.fr\/blog\/wp-content\/uploads\/2019\/09\/eed0d1b1-f608-4940-8e46-107b56929e83-e1567603617724.jpg 1342w\" sizes=\"auto, (max-width: 980px) 100vw, 980px\" \/><\/figure>\n<\/div>\n<\/div>\n\n\n\n<p><\/p>\n\n\n\n<p><\/p>\n\n\n\n<p><\/p>\n\n\n\n<h2 class=\"wp-block-heading\">Prochains stages<\/h2>\n\n\n\n<p><mark style=\"background-color:rgba(0, 0, 0, 0)\" class=\"has-inline-color has-vivid-red-color\">Voici les stages propos\u00e9s <\/mark><span style=\"color: rgb(207, 46, 46); caret-color: rgb(207, 46, 46);\">pour ce premier trimestre  de la saison 2025-2026 <\/span><mark style=\"background-color:rgba(0, 0, 0, 0)\" class=\"has-inline-color has-vivid-red-color\">:<\/mark><\/p>\n\n\n\n<p>\n<table id=\"tablepress-6\" class=\"tablepress tablepress-id-6\">\n<tbody>\n<tr class=\"row-1\">\n\t<td colspan=\"2\" class=\"column-1\"><hTabPerso>Stages Enfants et Adolescents<\/hTabPerso><\/td>\n<\/tr>\n<tr class=\"row-2\">\n\t<td class=\"column-1\">Du 20 au 24 avril 16h30-18h30 Stage de Clown : Impro,folie et po\u00e9sie avec Christophe Rouillon. 8-12 ans<\/td><td class=\"column-2\">90 euros (adh\u00e9rents)<br \/>\n110 euros (non adh\u00e9rents)<\/td>\n<\/tr>\n<\/tbody>\n<\/table>\n<!-- #tablepress-6 from cache --> \n<table id=\"tablepress-10\" class=\"tablepress tablepress-id-10\">\n<tbody>\n<tr class=\"row-1\">\n\t<td colspan=\"2\" class=\"column-1\"><hTabPerso>Stages Adultes<\/hTabPerso><\/td>\n<\/tr>\n<tr class=\"row-2\">\n\t<td class=\"column-1\">25 et 26 avril, 14h-19h Stage de Prise de parole en public en mobilisant les techniques th\u00e9\u00e2trales avec Eric Moscardo <\/td><td class=\"column-2\">100 euros (adh\u00e9rents)<br \/>\n130 euros (non adh\u00e9rents)<\/td>\n<\/tr>\n<\/tbody>\n<\/table>\n<!-- #tablepress-10 from cache --><\/p>\n\n\n\n<p><\/p>\n\n\n\n<p><\/p>\n","protected":false},"excerpt":{"rendered":"<p>Le temps d\u2019un stage est celui de la d\u00e9couverte et de l\u2019immersion totale. L\u2019Antr\u2019Act vous propose, en compl\u00e9ment des ateliers, des stages pour d\u00e9couvrir une discipline ou se perfectionner. La dur\u00e9e et le niveau du stage vous permettront d\u2019acqu\u00e9rir une certaine exp\u00e9rience en un temps record&nbsp;! C\u2019est l\u2019occasion aussi de c\u00f4toyer des professionnels qui sont [&hellip;]<\/p>\n","protected":false},"author":2,"featured_media":0,"parent":0,"menu_order":0,"comment_status":"closed","ping_status":"closed","template":"page-full-width.php","meta":{"footnotes":""},"class_list":["post-42","page","type-page","status-publish","hentry"],"yoast_head":"<!-- This site is optimized with the Yoast SEO plugin v27.4 - https:\/\/yoast.com\/product\/yoast-seo-wordpress\/ -->\n<title>Les stages - L&#039;Antr&#039;Act<\/title>\n<meta name=\"robots\" content=\"index, follow, max-snippet:-1, max-image-preview:large, max-video-preview:-1\" \/>\n<link rel=\"canonical\" href=\"https:\/\/www.antract.fr\/blog\/accueil\/les-stages\/\" \/>\n<meta property=\"og:locale\" content=\"fr_FR\" \/>\n<meta property=\"og:type\" content=\"article\" \/>\n<meta property=\"og:title\" content=\"Les stages - L&#039;Antr&#039;Act\" \/>\n<meta property=\"og:description\" content=\"Le temps d\u2019un stage est celui de la d\u00e9couverte et de l\u2019immersion totale. L\u2019Antr\u2019Act vous propose, en compl\u00e9ment des ateliers, des stages pour d\u00e9couvrir une discipline ou se perfectionner. La dur\u00e9e et le niveau du stage vous permettront d\u2019acqu\u00e9rir une certaine exp\u00e9rience en un temps record&nbsp;! C\u2019est l\u2019occasion aussi de c\u00f4toyer des professionnels qui sont [&hellip;]\" \/>\n<meta property=\"og:url\" content=\"https:\/\/www.antract.fr\/blog\/accueil\/les-stages\/\" \/>\n<meta property=\"og:site_name\" content=\"L&#039;Antr&#039;Act\" \/>\n<meta property=\"article:modified_time\" content=\"2025-08-15T15:58:23+00:00\" \/>\n<meta property=\"og:image\" content=\"http:\/\/www.antract.fr\/blog\/wp-content\/uploads\/2019\/09\/eed0d1b1-f608-4940-8e46-107b56929e83-e1567603617724-1024x870.jpg\" \/>\n<meta name=\"twitter:card\" content=\"summary_large_image\" \/>\n<meta name=\"twitter:label1\" content=\"Dur\u00e9e de lecture estim\u00e9e\" \/>\n\t<meta name=\"twitter:data1\" content=\"1 minute\" \/>\n<script type=\"application\/ld+json\" class=\"yoast-schema-graph\">{\"@context\":\"https:\\\/\\\/schema.org\",\"@graph\":[{\"@type\":\"WebPage\",\"@id\":\"https:\\\/\\\/www.antract.fr\\\/blog\\\/accueil\\\/les-stages\\\/\",\"url\":\"https:\\\/\\\/www.antract.fr\\\/blog\\\/accueil\\\/les-stages\\\/\",\"name\":\"Les stages - L&#039;Antr&#039;Act\",\"isPartOf\":{\"@id\":\"http:\\\/\\\/www.antract.fr\\\/blog\\\/accueil\\\/#website\"},\"primaryImageOfPage\":{\"@id\":\"https:\\\/\\\/www.antract.fr\\\/blog\\\/accueil\\\/les-stages\\\/#primaryimage\"},\"image\":{\"@id\":\"https:\\\/\\\/www.antract.fr\\\/blog\\\/accueil\\\/les-stages\\\/#primaryimage\"},\"thumbnailUrl\":\"http:\\\/\\\/www.antract.fr\\\/blog\\\/wp-content\\\/uploads\\\/2019\\\/09\\\/eed0d1b1-f608-4940-8e46-107b56929e83-e1567603617724-1024x870.jpg\",\"datePublished\":\"2017-05-21T11:19:31+00:00\",\"dateModified\":\"2025-08-15T15:58:23+00:00\",\"breadcrumb\":{\"@id\":\"https:\\\/\\\/www.antract.fr\\\/blog\\\/accueil\\\/les-stages\\\/#breadcrumb\"},\"inLanguage\":\"fr-FR\",\"potentialAction\":[{\"@type\":\"ReadAction\",\"target\":[\"https:\\\/\\\/www.antract.fr\\\/blog\\\/accueil\\\/les-stages\\\/\"]}]},{\"@type\":\"ImageObject\",\"inLanguage\":\"fr-FR\",\"@id\":\"https:\\\/\\\/www.antract.fr\\\/blog\\\/accueil\\\/les-stages\\\/#primaryimage\",\"url\":\"http:\\\/\\\/www.antract.fr\\\/blog\\\/wp-content\\\/uploads\\\/2019\\\/09\\\/eed0d1b1-f608-4940-8e46-107b56929e83-e1567603617724-1024x870.jpg\",\"contentUrl\":\"http:\\\/\\\/www.antract.fr\\\/blog\\\/wp-content\\\/uploads\\\/2019\\\/09\\\/eed0d1b1-f608-4940-8e46-107b56929e83-e1567603617724-1024x870.jpg\"},{\"@type\":\"BreadcrumbList\",\"@id\":\"https:\\\/\\\/www.antract.fr\\\/blog\\\/accueil\\\/les-stages\\\/#breadcrumb\",\"itemListElement\":[{\"@type\":\"ListItem\",\"position\":1,\"name\":\"Accueil\",\"item\":\"http:\\\/\\\/www.antract.fr\\\/blog\\\/accueil\\\/\"},{\"@type\":\"ListItem\",\"position\":2,\"name\":\"Les stages\"}]},{\"@type\":\"WebSite\",\"@id\":\"http:\\\/\\\/www.antract.fr\\\/blog\\\/accueil\\\/#website\",\"url\":\"http:\\\/\\\/www.antract.fr\\\/blog\\\/accueil\\\/\",\"name\":\"L&#039;Antr&#039;Act\",\"description\":\"s&#039;initier au th\u00e9\u00e2tre, \u00e0 l&#039;impro ou \u00e0 la com\u00e9die musicale\",\"publisher\":{\"@id\":\"http:\\\/\\\/www.antract.fr\\\/blog\\\/accueil\\\/#organization\"},\"potentialAction\":[{\"@type\":\"SearchAction\",\"target\":{\"@type\":\"EntryPoint\",\"urlTemplate\":\"http:\\\/\\\/www.antract.fr\\\/blog\\\/accueil\\\/?s={search_term_string}\"},\"query-input\":{\"@type\":\"PropertyValueSpecification\",\"valueRequired\":true,\"valueName\":\"search_term_string\"}}],\"inLanguage\":\"fr-FR\"},{\"@type\":\"Organization\",\"@id\":\"http:\\\/\\\/www.antract.fr\\\/blog\\\/accueil\\\/#organization\",\"name\":\"L&#039;Antr&#039;Act\",\"url\":\"http:\\\/\\\/www.antract.fr\\\/blog\\\/accueil\\\/\",\"logo\":{\"@type\":\"ImageObject\",\"inLanguage\":\"fr-FR\",\"@id\":\"http:\\\/\\\/www.antract.fr\\\/blog\\\/accueil\\\/#\\\/schema\\\/logo\\\/image\\\/\",\"url\":\"https:\\\/\\\/www.antract.fr\\\/blog\\\/wp-content\\\/uploads\\\/2017\\\/05\\\/cropped-logoantract-def-1.png\",\"contentUrl\":\"https:\\\/\\\/www.antract.fr\\\/blog\\\/wp-content\\\/uploads\\\/2017\\\/05\\\/cropped-logoantract-def-1.png\",\"width\":400,\"height\":266,\"caption\":\"L&#039;Antr&#039;Act\"},\"image\":{\"@id\":\"http:\\\/\\\/www.antract.fr\\\/blog\\\/accueil\\\/#\\\/schema\\\/logo\\\/image\\\/\"}}]}<\/script>\n<!-- \/ Yoast SEO plugin. -->","yoast_head_json":{"title":"Les stages - L&#039;Antr&#039;Act","robots":{"index":"index","follow":"follow","max-snippet":"max-snippet:-1","max-image-preview":"max-image-preview:large","max-video-preview":"max-video-preview:-1"},"canonical":"https:\/\/www.antract.fr\/blog\/accueil\/les-stages\/","og_locale":"fr_FR","og_type":"article","og_title":"Les stages - L&#039;Antr&#039;Act","og_description":"Le temps d\u2019un stage est celui de la d\u00e9couverte et de l\u2019immersion totale. L\u2019Antr\u2019Act vous propose, en compl\u00e9ment des ateliers, des stages pour d\u00e9couvrir une discipline ou se perfectionner. La dur\u00e9e et le niveau du stage vous permettront d\u2019acqu\u00e9rir une certaine exp\u00e9rience en un temps record&nbsp;! C\u2019est l\u2019occasion aussi de c\u00f4toyer des professionnels qui sont [&hellip;]","og_url":"https:\/\/www.antract.fr\/blog\/accueil\/les-stages\/","og_site_name":"L&#039;Antr&#039;Act","article_modified_time":"2025-08-15T15:58:23+00:00","og_image":[{"url":"http:\/\/www.antract.fr\/blog\/wp-content\/uploads\/2019\/09\/eed0d1b1-f608-4940-8e46-107b56929e83-e1567603617724-1024x870.jpg","type":"","width":"","height":""}],"twitter_card":"summary_large_image","twitter_misc":{"Dur\u00e9e de lecture estim\u00e9e":"1 minute"},"schema":{"@context":"https:\/\/schema.org","@graph":[{"@type":"WebPage","@id":"https:\/\/www.antract.fr\/blog\/accueil\/les-stages\/","url":"https:\/\/www.antract.fr\/blog\/accueil\/les-stages\/","name":"Les stages - L&#039;Antr&#039;Act","isPartOf":{"@id":"http:\/\/www.antract.fr\/blog\/accueil\/#website"},"primaryImageOfPage":{"@id":"https:\/\/www.antract.fr\/blog\/accueil\/les-stages\/#primaryimage"},"image":{"@id":"https:\/\/www.antract.fr\/blog\/accueil\/les-stages\/#primaryimage"},"thumbnailUrl":"http:\/\/www.antract.fr\/blog\/wp-content\/uploads\/2019\/09\/eed0d1b1-f608-4940-8e46-107b56929e83-e1567603617724-1024x870.jpg","datePublished":"2017-05-21T11:19:31+00:00","dateModified":"2025-08-15T15:58:23+00:00","breadcrumb":{"@id":"https:\/\/www.antract.fr\/blog\/accueil\/les-stages\/#breadcrumb"},"inLanguage":"fr-FR","potentialAction":[{"@type":"ReadAction","target":["https:\/\/www.antract.fr\/blog\/accueil\/les-stages\/"]}]},{"@type":"ImageObject","inLanguage":"fr-FR","@id":"https:\/\/www.antract.fr\/blog\/accueil\/les-stages\/#primaryimage","url":"http:\/\/www.antract.fr\/blog\/wp-content\/uploads\/2019\/09\/eed0d1b1-f608-4940-8e46-107b56929e83-e1567603617724-1024x870.jpg","contentUrl":"http:\/\/www.antract.fr\/blog\/wp-content\/uploads\/2019\/09\/eed0d1b1-f608-4940-8e46-107b56929e83-e1567603617724-1024x870.jpg"},{"@type":"BreadcrumbList","@id":"https:\/\/www.antract.fr\/blog\/accueil\/les-stages\/#breadcrumb","itemListElement":[{"@type":"ListItem","position":1,"name":"Accueil","item":"http:\/\/www.antract.fr\/blog\/accueil\/"},{"@type":"ListItem","position":2,"name":"Les stages"}]},{"@type":"WebSite","@id":"http:\/\/www.antract.fr\/blog\/accueil\/#website","url":"http:\/\/www.antract.fr\/blog\/accueil\/","name":"L&#039;Antr&#039;Act","description":"s&#039;initier au th\u00e9\u00e2tre, \u00e0 l&#039;impro ou \u00e0 la com\u00e9die musicale","publisher":{"@id":"http:\/\/www.antract.fr\/blog\/accueil\/#organization"},"potentialAction":[{"@type":"SearchAction","target":{"@type":"EntryPoint","urlTemplate":"http:\/\/www.antract.fr\/blog\/accueil\/?s={search_term_string}"},"query-input":{"@type":"PropertyValueSpecification","valueRequired":true,"valueName":"search_term_string"}}],"inLanguage":"fr-FR"},{"@type":"Organization","@id":"http:\/\/www.antract.fr\/blog\/accueil\/#organization","name":"L&#039;Antr&#039;Act","url":"http:\/\/www.antract.fr\/blog\/accueil\/","logo":{"@type":"ImageObject","inLanguage":"fr-FR","@id":"http:\/\/www.antract.fr\/blog\/accueil\/#\/schema\/logo\/image\/","url":"https:\/\/www.antract.fr\/blog\/wp-content\/uploads\/2017\/05\/cropped-logoantract-def-1.png","contentUrl":"https:\/\/www.antract.fr\/blog\/wp-content\/uploads\/2017\/05\/cropped-logoantract-def-1.png","width":400,"height":266,"caption":"L&#039;Antr&#039;Act"},"image":{"@id":"http:\/\/www.antract.fr\/blog\/accueil\/#\/schema\/logo\/image\/"}}]}},"_links":{"self":[{"href":"https:\/\/www.antract.fr\/blog\/accueil\/wp-json\/wp\/v2\/pages\/42","targetHints":{"allow":["GET"]}}],"collection":[{"href":"https:\/\/www.antract.fr\/blog\/accueil\/wp-json\/wp\/v2\/pages"}],"about":[{"href":"https:\/\/www.antract.fr\/blog\/accueil\/wp-json\/wp\/v2\/types\/page"}],"author":[{"embeddable":true,"href":"https:\/\/www.antract.fr\/blog\/accueil\/wp-json\/wp\/v2\/users\/2"}],"replies":[{"embeddable":true,"href":"https:\/\/www.antract.fr\/blog\/accueil\/wp-json\/wp\/v2\/comments?post=42"}],"version-history":[{"count":48,"href":"https:\/\/www.antract.fr\/blog\/accueil\/wp-json\/wp\/v2\/pages\/42\/revisions"}],"predecessor-version":[{"id":1428,"href":"https:\/\/www.antract.fr\/blog\/accueil\/wp-json\/wp\/v2\/pages\/42\/revisions\/1428"}],"wp:attachment":[{"href":"https:\/\/www.antract.fr\/blog\/accueil\/wp-json\/wp\/v2\/media?parent=42"}],"curies":[{"name":"wp","href":"https:\/\/api.w.org\/{rel}","templated":true}]}}